{"id":171,"date":"2024-02-08T11:53:43","date_gmt":"2024-02-08T10:53:43","guid":{"rendered":"https:\/\/anisha-kale.ch\/?page_id=171"},"modified":"2024-02-18T09:44:12","modified_gmt":"2024-02-18T08:44:12","slug":"wer-ist-anisha","status":"publish","type":"page","link":"https:\/\/anisha-kale.ch\/index.php\/wer-ist-anisha\/","title":{"rendered":"Wer ist Anisha"},"content":{"rendered":"\n<div class=\"wp-block-group has-global-padding is-layout-constrained wp-block-group-is-layout-constrained\">\n<p>Anisha wurde am 02. Dezember 2007 in Z\u00fcrich geboren.<br>Sie war ein aufgestelltes, neugieriges, manchmal etwas vorlautes Kind. Sie hat unser Haus mit Lachen erf\u00fcllt und war immer f\u00fcr eine \u00dcberraschung gut.<\/p>\n\n\n\n<figure class=\"wp-block-image size-large\"><img loading=\"lazy\" decoding=\"async\" width=\"1024\" height=\"683\" src=\"https:\/\/anisha-kale.ch\/wp-content\/uploads\/2024\/02\/2a_Mitten-drin-klein-1024x683.jpg\" alt=\"\" class=\"wp-image-175\" srcset=\"https:\/\/anisha-kale.ch\/wp-content\/uploads\/2024\/02\/2a_Mitten-drin-klein-1024x683.jpg 1024w, https:\/\/anisha-kale.ch\/wp-content\/uploads\/2024\/02\/2a_Mitten-drin-klein-300x200.jpg 300w, https:\/\/anisha-kale.ch\/wp-content\/uploads\/2024\/02\/2a_Mitten-drin-klein-768x512.jpg 768w, https:\/\/anisha-kale.ch\/wp-content\/uploads\/2024\/02\/2a_Mitten-drin-klein-1536x1024.jpg 1536w, https:\/\/anisha-kale.ch\/wp-content\/uploads\/2024\/02\/2a_Mitten-drin-klein-2048x1366.jpg 2048w\" sizes=\"auto, (max-width: 1024px) 100vw, 1024px\" \/><\/figure>\n\n\n\n<p>Sie hat es verstanden, Menschen f\u00fcr sich einzunehmen. <\/p>\n\n\n\n<figure class=\"wp-block-image size-large\"><img loading=\"lazy\" decoding=\"async\" width=\"1024\" height=\"461\" src=\"https:\/\/anisha-kale.ch\/wp-content\/uploads\/2024\/02\/2b_Mitten-drin-1024x461.jpg\" alt=\"\" class=\"wp-image-173\" srcset=\"https:\/\/anisha-kale.ch\/wp-content\/uploads\/2024\/02\/2b_Mitten-drin-1024x461.jpg 1024w, https:\/\/anisha-kale.ch\/wp-content\/uploads\/2024\/02\/2b_Mitten-drin-300x135.jpg 300w, https:\/\/anisha-kale.ch\/wp-content\/uploads\/2024\/02\/2b_Mitten-drin-768x346.jpg 768w, https:\/\/anisha-kale.ch\/wp-content\/uploads\/2024\/02\/2b_Mitten-drin-1536x691.jpg 1536w, https:\/\/anisha-kale.ch\/wp-content\/uploads\/2024\/02\/2b_Mitten-drin.jpg 2000w\" sizes=\"auto, (max-width: 1024px) 100vw, 1024px\" \/><\/figure>\n\n\n\n<p>Es viel ihr nie schwer neue Freunde zu finden. Freundschaften zu pflegen war ihr besonders wichtig. Sie war immer da f\u00fcr ihre Freunde, manchmal mit einem guten Ratschlag, f\u00fcr ein Gespr\u00e4ch oder einfach nur als Zuh\u00f6rerin.<\/p>\n\n\n\n<figure class=\"wp-block-image size-large\"><img loading=\"lazy\" decoding=\"async\" width=\"1024\" height=\"914\" src=\"https:\/\/anisha-kale.ch\/wp-content\/uploads\/2024\/02\/Wanderlust-1024x914.jpg\" alt=\"\" class=\"wp-image-172\" srcset=\"https:\/\/anisha-kale.ch\/wp-content\/uploads\/2024\/02\/Wanderlust-1024x914.jpg 1024w, https:\/\/anisha-kale.ch\/wp-content\/uploads\/2024\/02\/Wanderlust-300x268.jpg 300w, https:\/\/anisha-kale.ch\/wp-content\/uploads\/2024\/02\/Wanderlust-768x686.jpg 768w, https:\/\/anisha-kale.ch\/wp-content\/uploads\/2024\/02\/Wanderlust-1536x1371.jpg 1536w, https:\/\/anisha-kale.ch\/wp-content\/uploads\/2024\/02\/Wanderlust.jpg 1875w\" sizes=\"auto, (max-width: 1024px) 100vw, 1024px\" \/><\/figure>\n\n\n\n<p>Sie hat es geliebt unterwegs zu sein. Manchmal auch alleine. Mit dem Bus, dem Zug, oder einfach zu Fuss.<\/p>\n\n\n\n<p>Sie war ein absoluter Familienmensch. Sie hat ihren Bruder Nando heiss geliebt. Er war ihr unumstrittenes Vorbild. Sie war so stolz auf ihren Bruder!<\/p>\n<\/div>\n\n\n\n<figure class=\"wp-block-image size-large\"><img loading=\"lazy\" decoding=\"async\" width=\"758\" height=\"1024\" src=\"https:\/\/anisha-kale.ch\/wp-content\/uploads\/2024\/02\/WhatsApp-Bild-2023-11-17-um-09.49.48_e6aade25-Kopie-758x1024.jpg\" alt=\"\" class=\"wp-image-177\" srcset=\"https:\/\/anisha-kale.ch\/wp-content\/uploads\/2024\/02\/WhatsApp-Bild-2023-11-17-um-09.49.48_e6aade25-Kopie-758x1024.jpg 758w, https:\/\/anisha-kale.ch\/wp-content\/uploads\/2024\/02\/WhatsApp-Bild-2023-11-17-um-09.49.48_e6aade25-Kopie-222x300.jpg 222w, https:\/\/anisha-kale.ch\/wp-content\/uploads\/2024\/02\/WhatsApp-Bild-2023-11-17-um-09.49.48_e6aade25-Kopie-768x1038.jpg 768w, https:\/\/anisha-kale.ch\/wp-content\/uploads\/2024\/02\/WhatsApp-Bild-2023-11-17-um-09.49.48_e6aade25-Kopie-1136x1536.jpg 1136w, https:\/\/anisha-kale.ch\/wp-content\/uploads\/2024\/02\/WhatsApp-Bild-2023-11-17-um-09.49.48_e6aade25-Kopie.jpg 1152w\" sizes=\"auto, (max-width: 758px) 100vw, 758px\" \/><\/figure>\n\n\n\n<p>Sie fiel auch mit Karacho bei ihrer Aji (Grossmutter) ein, hat den S\u00fcssigkeitenschrank gepl\u00fcndert und sich dann auf ihrem Bett breitgemacht. Das Fischcurry ihres Ajobas (Grossvaters) stand auch sehr hoch im Kurs. Praktisch auch, dass sich die Schule nur f\u00fcnf Minuten entfernt befand. Sie war ein oft und auch gerne gesehener Gast im Hause Kale!<\/p>\n\n\n\n<p>Anisha war ein Bewegungsmensch, vor allem im Wasser war sie in ihrem Element. Sie konnte stundenlang im Wasser herumtoben.<\/p>\n\n\n\n<figure class=\"wp-block-image size-large\"><img loading=\"lazy\" decoding=\"async\" width=\"1024\" height=\"768\" src=\"https:\/\/anisha-kale.ch\/wp-content\/uploads\/2024\/02\/5a_Wasserratte-1024x768.jpg\" alt=\"\" class=\"wp-image-185\" srcset=\"https:\/\/anisha-kale.ch\/wp-content\/uploads\/2024\/02\/5a_Wasserratte-1024x768.jpg 1024w, https:\/\/anisha-kale.ch\/wp-content\/uploads\/2024\/02\/5a_Wasserratte-300x225.jpg 300w, https:\/\/anisha-kale.ch\/wp-content\/uploads\/2024\/02\/5a_Wasserratte-768x576.jpg 768w, https:\/\/anisha-kale.ch\/wp-content\/uploads\/2024\/02\/5a_Wasserratte-1536x1152.jpg 1536w, https:\/\/anisha-kale.ch\/wp-content\/uploads\/2024\/02\/5a_Wasserratte-2048x1536.jpg 2048w\" sizes=\"auto, (max-width: 1024px) 100vw, 1024px\" \/><\/figure>\n\n\n\n<p>Sie hatte ein Credo: &#8222;Essen ist meine Leidenschaft, Schlafen ist meine Passion&#8220;<br>Anisha hat Sushi geliebt, das h\u00e4tte sie jeden Tag essen k\u00f6nnen! <\/p>\n\n\n\n<figure class=\"wp-block-image size-large\"><img loading=\"lazy\" decoding=\"async\" width=\"1024\" height=\"576\" src=\"https:\/\/anisha-kale.ch\/wp-content\/uploads\/2024\/02\/DSC_0079_1-2-1024x576.jpg\" alt=\"\" class=\"wp-image-187\" srcset=\"https:\/\/anisha-kale.ch\/wp-content\/uploads\/2024\/02\/DSC_0079_1-2-1024x576.jpg 1024w, https:\/\/anisha-kale.ch\/wp-content\/uploads\/2024\/02\/DSC_0079_1-2-300x169.jpg 300w, https:\/\/anisha-kale.ch\/wp-content\/uploads\/2024\/02\/DSC_0079_1-2-768x432.jpg 768w, https:\/\/anisha-kale.ch\/wp-content\/uploads\/2024\/02\/DSC_0079_1-2-1536x864.jpg 1536w, https:\/\/anisha-kale.ch\/wp-content\/uploads\/2024\/02\/DSC_0079_1-2-2048x1152.jpg 2048w\" sizes=\"auto, (max-width: 1024px) 100vw, 1024px\" \/><\/figure>\n\n\n\n<p>Auch in der K\u00fcche hat sie viel Zeit verbracht. Sie war begeisterte B\u00e4ckerin. Torten backen war genau ihr Ding. Aufr\u00e4umen danach eher weniger, aber das ist kleinkariertes Denken \ud83d\ude09<\/p>\n\n\n\n<figure class=\"wp-block-image size-large\"><img loading=\"lazy\" decoding=\"async\" width=\"1024\" height=\"461\" src=\"https:\/\/anisha-kale.ch\/wp-content\/uploads\/2024\/02\/3b_Kochen-1024x461.jpg\" alt=\"\" class=\"wp-image-188\" srcset=\"https:\/\/anisha-kale.ch\/wp-content\/uploads\/2024\/02\/3b_Kochen-1024x461.jpg 1024w, https:\/\/anisha-kale.ch\/wp-content\/uploads\/2024\/02\/3b_Kochen-300x135.jpg 300w, https:\/\/anisha-kale.ch\/wp-content\/uploads\/2024\/02\/3b_Kochen-768x346.jpg 768w, https:\/\/anisha-kale.ch\/wp-content\/uploads\/2024\/02\/3b_Kochen-1536x691.jpg 1536w, https:\/\/anisha-kale.ch\/wp-content\/uploads\/2024\/02\/3b_Kochen-2048x922.jpg 2048w\" sizes=\"auto, (max-width: 1024px) 100vw, 1024px\" \/><\/figure>\n\n\n\n<p>Sie hatte viele Zukunftspl\u00e4ne. Sie wollte mit ihrer Freundin Nathalie die Welt bereisen. Mit ihren Freundinnen ein WG gr\u00fcnden. Sie wollte als Lehrerin kleine Kinder unterrichten.<\/p>\n\n\n\n<p>Bin noch nicht fertig mit erz\u00e4hlen \ud83d\ude42 &#8230; Fortsetzung folgt!<\/p>\n","protected":false},"excerpt":{"rendered":"<p>Anisha wurde am 02. Dezember 2007 in Z\u00fcrich geboren.Sie war ein aufgestelltes, neugieriges, manchmal etwas vorlautes Kind. Sie hat unser Haus mit Lachen erf\u00fcllt und war immer f\u00fcr eine \u00dcberraschung gut. Sie hat es verstanden, Menschen f\u00fcr sich einzunehmen. Es viel ihr nie schwer neue Freunde zu finden. Freundschaften zu pflegen war ihr besonders wichtig. [&hellip;]<\/p>\n","protected":false},"author":1,"featured_media":0,"parent":0,"menu_order":0,"comment_status":"closed","ping_status":"closed","template":"","meta":{"footnotes":""},"class_list":["post-171","page","type-page","status-publish","hentry"],"_links":{"self":[{"href":"https:\/\/anisha-kale.ch\/index.php\/wp-json\/wp\/v2\/pages\/171","targetHints":{"allow":["GET"]}}],"collection":[{"href":"https:\/\/anisha-kale.ch\/index.php\/wp-json\/wp\/v2\/pages"}],"about":[{"href":"https:\/\/anisha-kale.ch\/index.php\/wp-json\/wp\/v2\/types\/page"}],"author":[{"embeddable":true,"href":"https:\/\/anisha-kale.ch\/index.php\/wp-json\/wp\/v2\/users\/1"}],"replies":[{"embeddable":true,"href":"https:\/\/anisha-kale.ch\/index.php\/wp-json\/wp\/v2\/comments?post=171"}],"version-history":[{"count":5,"href":"https:\/\/anisha-kale.ch\/index.php\/wp-json\/wp\/v2\/pages\/171\/revisions"}],"predecessor-version":[{"id":335,"href":"https:\/\/anisha-kale.ch\/index.php\/wp-json\/wp\/v2\/pages\/171\/revisions\/335"}],"wp:attachment":[{"href":"https:\/\/anisha-kale.ch\/index.php\/wp-json\/wp\/v2\/media?parent=171"}],"curies":[{"name":"wp","href":"https:\/\/api.w.org\/{rel}","templated":true}]}}